{"id":796,"date":"2013-08-24T13:13:13","date_gmt":"2013-08-24T11:13:13","guid":{"rendered":"http:\/\/www.backaby.se\/?page_id=796"},"modified":"2025-02-03T09:16:10","modified_gmt":"2025-02-03T08:16:10","slug":"ovr-aktiviteter","status":"publish","type":"page","link":"https:\/\/www.backaby.se\/?page_id=796","title":{"rendered":"\u00d6vr Aktiviteter"},"content":{"rendered":"<p>F\u00f6rutom de mer planerade och unika akiviteter vi ordnar i Sockenf\u00f6reningen bedrivs ocks\u00e5 en del aktiviterter som ordnas p\u00e5 eget initiativ av medlemmar.<\/p>\n<p><strong>Boule-spel<\/strong> p\u00e5 v\u00e5r plan vid B\u00e4ckabyg\u00e5rden sker p\u00e5 M\u00e5ndagar klockan 18. Vill du vara med s\u00e5 \u00e4r det bara att dyka upp, om jag inte \u00e4r fel underr\u00e4ttad s\u00e5 tar man med eget fika av valfritt slag om man s\u00e5 \u00f6nskar. Stolar och bord finns kvar ute f\u00f6r detta \u00e4ndam\u00e5l.<\/p>\n<p>Det finns ocks\u00e5 ett g\u00e4ng med folk fr\u00e5n b\u00e5de B\u00e4ckaby och Ramkvilla som ganska regelbundet \u00e5ker in till Vetlanda och spelar <strong>Bowling<\/strong>, fr\u00e5n B\u00e4ckaby \u00e4r det framf\u00f6rallt Majvor som \u00e4r aktiv i detta. \u00c4r du sugen p\u00e5 att f\u00f6lja med s\u00e5 ta kontakt med n\u00e5gon av dem.<\/p>\n","protected":false},"excerpt":{"rendered":"<p>F\u00f6rutom de mer planerade och unika akiviteter vi ordnar i Sockenf\u00f6reningen bedrivs ocks\u00e5 en del aktiviterter som ordnas p\u00e5 eget [&hellip;]<\/p>\n","protected":false},"author":1,"featured_media":0,"parent":0,"menu_order":9,"comment_status":"closed","ping_status":"open","template":"","meta":{"site-sidebar-layout":"default","site-content-layout":"","ast-site-content-layout":"","site-content-style":"default","site-sidebar-style":"default","ast-global-header-display":"","ast-banner-title-visibility":"","ast-main-header-display":"","ast-hfb-above-header-display":"","ast-hfb-below-header-display":"","ast-hfb-mobile-header-display":"","site-post-title":"","ast-breadcrumbs-content":"","ast-featured-img":"","footer-sml-layout":"","theme-transparent-header-meta":"","adv-header-id-meta":"","stick-header-meta":"","header-above-stick-meta":"","header-main-stick-meta":"","header-below-stick-meta":"","astra-migrate-meta-layouts":"default","ast-page-background-enabled":"default","ast-page-background-meta":{"desktop":{"background-color":"var(--ast-global-color-4)","background-image":"","background-repeat":"repeat","background-position":"center center","background-size":"auto","background-attachment":"scroll","background-type":"","background-media":"","overlay-type":"","overlay-color":"","overlay-opacity":"","overlay-gradient":""},"tablet":{"background-color":"","background-image":"","background-repeat":"repeat","background-position":"center center","background-size":"auto","background-attachment":"scroll","background-type":"","background-media":"","overlay-type":"","overlay-color":"","overlay-opacity":"","overlay-gradient":""},"mobile":{"background-color":"","background-image":"","background-repeat":"repeat","background-position":"center center","background-size":"auto","background-attachment":"scroll","background-type":"","background-media":"","overlay-type":"","overlay-color":"","overlay-opacity":"","overlay-gradient":""}},"ast-content-background-meta":{"desktop":{"background-color":"var(--ast-global-color-5)","background-image":"","background-repeat":"repeat","background-position":"center center","background-size":"auto","background-attachment":"scroll","background-type":"","background-media":"","overlay-type":"","overlay-color":"","overlay-opacity":"","overlay-gradient":""},"tablet":{"background-color":"var(--ast-global-color-5)","background-image":"","background-repeat":"repeat","background-position":"center center","background-size":"auto","background-attachment":"scroll","background-type":"","background-media":"","overlay-type":"","overlay-color":"","overlay-opacity":"","overlay-gradient":""},"mobile":{"background-color":"var(--ast-global-color-5)","background-image":"","background-repeat":"repeat","background-position":"center center","background-size":"auto","background-attachment":"scroll","background-type":"","background-media":"","overlay-type":"","overlay-color":"","overlay-opacity":"","overlay-gradient":""}},"footnotes":""},"class_list":["post-796","page","type-page","status-publish","hentry"],"_links":{"self":[{"href":"https:\/\/www.backaby.se\/index.php?rest_route=\/wp\/v2\/pages\/796","targetHints":{"allow":["GET"]}}],"collection":[{"href":"https:\/\/www.backaby.se\/index.php?rest_route=\/wp\/v2\/pages"}],"about":[{"href":"https:\/\/www.backaby.se\/index.php?rest_route=\/wp\/v2\/types\/page"}],"author":[{"embeddable":true,"href":"https:\/\/www.backaby.se\/index.php?rest_route=\/wp\/v2\/users\/1"}],"replies":[{"embeddable":true,"href":"https:\/\/www.backaby.se\/index.php?rest_route=%2Fwp%2Fv2%2Fcomments&post=796"}],"version-history":[{"count":5,"href":"https:\/\/www.backaby.se\/index.php?rest_route=\/wp\/v2\/pages\/796\/revisions"}],"predecessor-version":[{"id":2263,"href":"https:\/\/www.backaby.se\/index.php?rest_route=\/wp\/v2\/pages\/796\/revisions\/2263"}],"wp:attachment":[{"href":"https:\/\/www.backaby.se\/index.php?rest_route=%2Fwp%2Fv2%2Fmedia&parent=796"}],"curies":[{"name":"wp","href":"https:\/\/api.w.org\/{rel}","templated":true}]}}